{"id":1221,"date":"2024-09-27T14:29:11","date_gmt":"2024-09-27T12:29:11","guid":{"rendered":"https:\/\/granhotelcostadelsol.nubedev.es\/front-line-beach-hotel-a-mijas\/"},"modified":"2024-12-30T10:52:58","modified_gmt":"2024-12-30T09:52:58","slug":"front-line-beach-hotel-a-mijas","status":"publish","type":"page","link":"https:\/\/granhotelcostadelsol.com\/fr\/front-line-beach-hotel-a-mijas\/","title":{"rendered":"Front Line Beach Hotel \u00e0 Mijas"},"content":{"rendered":"\n<div class=\"wp-block-group alignfull is-style-section-full is-layout-constrained wp-block-group-is-layout-constrained\">\n<div class=\"wp-block-group is-style-section-container is-layout-constrained wp-block-group-is-layout-constrained\">\n<p class=\"has-text-align-center\">Situ\u00e9 au c\u0153ur de la magnifique Cala de Mijas, l&rsquo;<a href=\"https:\/\/granhotelcostadelsol.com\/fr\/\">h\u00f4tel 4 \u00e9toiles Gran Hotel Costa del Sol<\/a> vous offre une exp\u00e9rience in\u00e9gal\u00e9e dans un cadre idyllique en bord de mer. Avec un acc\u00e8s direct \u00e0 la plage, notre h\u00f4tel allie le confort et la s\u00e9r\u00e9nit\u00e9 que vous recherchez pour des <strong>vacances parfaites sur la Costa del Sol.<\/strong> <\/p>\n<\/div>\n<\/div>\n\n<div class=\"wp-block-group alignfull is-style-section-full is-layout-constrained wp-block-group-is-layout-constrained\">\n<div class=\"wp-block-group is-style-section-container is-layout-constrained wp-block-group-is-layout-constrained\">\n<h2 class=\"wp-block-heading has-text-align-center is-style-heading-4 has-gh-dark-blue-color has-text-color has-link-color wp-elements-f014add698c2184da7b7bbaf0fdb6b35\">Une oasis de <mark style=\"background-color:rgba(0, 0, 0, 0)\" class=\"has-inline-color has-gh-yellow-color\">d\u00e9tente et de plaisir<\/mark><\/h2>\n\n\n\n<p class=\"has-text-align-center\">L&rsquo;h\u00f4tel dispose d&rsquo;une <strong>large gamme de services et d&rsquo;activit\u00e9s pour vous permettre de profiter au maximum de votre s\u00e9jour \u00e0 Mijas.<\/strong>\nProfitez de notre piscine ext\u00e9rieure, entour\u00e9e de chaises longues o\u00f9 vous pourrez prendre un bain de soleil et profiter de la brise marine.\nSi vous pr\u00e9f\u00e9rez une journ\u00e9e plus active, nous vous proposons une gamme de sports nautiques et d&rsquo;activit\u00e9s r\u00e9cr\u00e9atives sur la plage.  <br\/><span id=\"docs-internal-guid-ffc273d8-7fff-6a4c-eeba-854155a9e274\"><\/span><\/p>\n\n\n\n<div class=\"wp-block-group alignfull is-layout-constrained wp-block-group-is-layout-constrained\">\n<div style=\"height:24px\" aria-hidden=\"true\" class=\"wp-block-spacer\"><\/div>\n\n\n\n<div class=\"wp-block-buttons alignfull is-content-justification-center is-layout-flex wp-container-core-buttons-is-layout-16018d1d wp-block-buttons-is-layout-flex\">\n<div class=\"wp-block-button is-style-primary-outline booking-button\"><a class=\"wp-block-button__link wp-element-button\">R\u00c9SERVER AU GRAN HOTEL COSTA DEL SOL<\/a><\/div>\n<\/div>\n\n\n\n<div style=\"height:24px\" aria-hidden=\"true\" class=\"wp-block-spacer\"><\/div>\n<\/div>\n<\/div>\n<\/div>\n\n<div class=\"wp-block-group alignfull is-style-section-full is-layout-constrained wp-block-group-is-layout-constrained\">\n<div class=\"wp-block-uagb-slider uagb-block-01e48337 uagb-slider-container\"><div class=\"uagb-slides uagb-swiper\"><div class=\"swiper-wrapper\">\n<div class=\"wp-block-uagb-slider-child uagb-slider-child-wrap swiper-slide uagb-block-29a6a65e\"><div class=\"swiper-content\">\n<div class=\"wp-block-uagb-container uagb-block-f8b5886b alignfull uagb-is-root-container\"><div class=\"uagb-container-inner-blocks-wrap\">\n<div class=\"wp-block-uagb-image uagb-block-20dfebc6 wp-block-uagb-image--layout-default wp-block-uagb-image--effect-static wp-block-uagb-image--align-none\"><figure class=\"wp-block-uagb-image__figure\"><img decoding=\"async\" srcset=\"https:\/\/granhotelcostadelsol.com\/wp-content\/uploads\/2024\/09\/Chill-Out-1.redimensionado.jpg ,https:\/\/granhotelcostadelsol.nubedev.es\/wp-content\/uploads\/2024\/09\/Chill-Out-1.redimensionado.jpg 780w, https:\/\/granhotelcostadelsol.nubedev.es\/wp-content\/uploads\/2024\/09\/Chill-Out-1.redimensionado.jpg 360w\" sizes=\"auto, (max-width: 480px) 150px\" src=\"https:\/\/granhotelcostadelsol.com\/wp-content\/uploads\/2024\/09\/Chill-Out-1.redimensionado.jpg\" alt=\"Chill Out Gran Hotel Costa del Sol\" class=\"uag-image-586\" width=\"1024\" height=\"683\" title=\"Se d\u00e9tendre\" loading=\"lazy\" role=\"img\"><\/figure><\/div>\n<\/div><\/div>\n<\/div><\/div>\n\n\n\n<div class=\"wp-block-uagb-slider-child uagb-slider-child-wrap swiper-slide uagb-block-0a5f9926\"><div class=\"swiper-content\">\n<div class=\"wp-block-uagb-container uagb-block-75a9d83e alignfull uagb-is-root-container\"><div class=\"uagb-container-inner-blocks-wrap\">\n<div class=\"wp-block-uagb-image uagb-block-75bb35ba wp-block-uagb-image--layout-default wp-block-uagb-image--effect-static wp-block-uagb-image--align-none\"><figure class=\"wp-block-uagb-image__figure\"><img decoding=\"async\" srcset=\"https:\/\/granhotelcostadelsol.com\/wp-content\/uploads\/2024\/09\/piscina_y_playa-2-favorita.redimensionado-scaled.jpg ,https:\/\/granhotelcostadelsol.nubedev.es\/wp-content\/uploads\/2024\/09\/piscina_y_playa-2-favorita.redimensionado-scaled.jpg 780w, https:\/\/granhotelcostadelsol.nubedev.es\/wp-content\/uploads\/2024\/09\/piscina_y_playa-2-favorita.redimensionado-scaled.jpg 360w\" sizes=\"auto, (max-width: 480px) 150px\" src=\"https:\/\/granhotelcostadelsol.com\/wp-content\/uploads\/2024\/09\/piscina_y_playa-2-favorita.redimensionado-scaled.jpg\" alt=\"vue sur la piscine et la plage Gran Hotel Costa del Sol\" class=\"uag-image-606\" width=\"1024\" height=\"683\" title=\"vue sur la piscine et la plage\" loading=\"lazy\" role=\"img\"><\/figure><\/div>\n<\/div><\/div>\n<\/div><\/div>\n\n\n\n<div class=\"wp-block-uagb-slider-child uagb-slider-child-wrap swiper-slide uagb-block-e5e90000\"><div class=\"swiper-content\">\n<div class=\"wp-block-uagb-container uagb-block-3189927a alignfull uagb-is-root-container\"><div class=\"uagb-container-inner-blocks-wrap\">\n<div class=\"wp-block-uagb-image uagb-block-b2af7989 wp-block-uagb-image--layout-default wp-block-uagb-image--effect-static wp-block-uagb-image--align-none\"><figure class=\"wp-block-uagb-image__figure\"><img decoding=\"async\" srcset=\"https:\/\/granhotelcostadelsol.com\/wp-content\/uploads\/2024\/09\/Comfort-room-1.redimensionado-scaled.jpg ,https:\/\/granhotelcostadelsol.nubedev.es\/wp-content\/uploads\/2024\/09\/Comfort-room-1.redimensionado-scaled.jpg 780w, https:\/\/granhotelcostadelsol.nubedev.es\/wp-content\/uploads\/2024\/09\/Comfort-room-1.redimensionado-scaled.jpg 360w\" sizes=\"auto, (max-width: 480px) 150px\" src=\"https:\/\/granhotelcostadelsol.com\/wp-content\/uploads\/2024\/09\/Comfort-room-1.redimensionado-scaled.jpg\" alt=\"chambre confort Gran Hotel Costa del Sol\" class=\"uag-image-593\" width=\"1024\" height=\"683\" title=\"chambre confort\" loading=\"lazy\" role=\"img\"><\/figure><\/div>\n<\/div><\/div>\n<\/div><\/div>\n\n\n\n<div class=\"wp-block-uagb-slider-child uagb-slider-child-wrap swiper-slide uagb-block-9baa099d\"><div class=\"swiper-content\">\n<div class=\"wp-block-uagb-container uagb-block-901b13ac alignfull uagb-is-root-container\"><div class=\"uagb-container-inner-blocks-wrap\">\n<div class=\"wp-block-uagb-image uagb-block-86c812ab wp-block-uagb-image--layout-default wp-block-uagb-image--effect-static wp-block-uagb-image--align-none\"><figure class=\"wp-block-uagb-image__figure\"><img decoding=\"async\" srcset=\"https:\/\/granhotelcostadelsol.com\/wp-content\/uploads\/2024\/09\/piscina_y_playa-3.redimensionado-e1727865133738.jpg ,https:\/\/granhotelcostadelsol.nubedev.es\/wp-content\/uploads\/2024\/09\/piscina_y_playa-3.redimensionado.jpg 780w, https:\/\/granhotelcostadelsol.nubedev.es\/wp-content\/uploads\/2024\/09\/piscina_y_playa-3.redimensionado.jpg 360w\" sizes=\"auto, (max-width: 480px) 150px\" src=\"https:\/\/granhotelcostadelsol.com\/wp-content\/uploads\/2024\/09\/piscina_y_playa-3.redimensionado-e1727865133738.jpg\" alt=\"piscine et plage Mijas Gran Hotel Costa del Sol\" class=\"uag-image-607\" width=\"1024\" height=\"683\" title=\"piscine et plage Mijas\" loading=\"lazy\" role=\"img\"><\/figure><\/div>\n<\/div><\/div>\n<\/div><\/div>\n<\/div><\/div><div class=\"swiper-pagination\"><\/div><div class=\"swiper-button-prev\"><\/div><div class=\"swiper-button-next\"><\/div><\/div>\n\n\n\n<div class=\"wp-block-group is-style-section-container is-layout-constrained wp-block-group-is-layout-constrained\">\n<h2 class=\"wp-block-heading has-text-align-center is-style-heading-4 has-gh-dark-blue-color has-text-color has-link-color wp-elements-e65d926036443455d82eb0e44bfaca90\">Tout compris, <mark style=\"background-color:rgba(0, 0, 0, 0)\" class=\"has-inline-color has-gh-yellow-color\">pour un s\u00e9jour sans souci<\/mark><\/h2>\n\n\n\n<p>Gr\u00e2ce \u00e0 <a href=\"https:\/\/granhotelcostadelsol.com\/fr\/hotel-tout-compris-sur-la-costa-del-sol\/\">notre service tout compris,<\/a> notre restaurant vous ravira avec une s\u00e9lection de plats locaux et internationaux, pr\u00e9par\u00e9s avec des ingr\u00e9dients frais et de qualit\u00e9. Vous pouvez \u00e9galement vous d\u00e9tendre en prenant un verre au bar, tout en admirant le coucher de soleil sur la M\u00e9diterran\u00e9e. <br\/><br\/><\/p>\n<\/div>\n\n\n\n<div class=\"wp-block-group is-style-section-container is-layout-constrained wp-block-group-is-layout-constrained\">\n<h3 class=\"wp-block-heading has-text-align-center is-style-heading-5 has-gh-dark-blue-color has-text-color has-link-color wp-elements-a70837dd710a18962d8a389fe9cbb2ca\">D\u00e9couvrez la beaut\u00e9 de la Costa del Sol<\/h3>\n\n\n\n<p>Le Gran Hotel Costa del Sol jouit d&rsquo;une situation privil\u00e9gi\u00e9e \u00e0 <a href=\"https:\/\/granhotelcostadelsol.com\/fr\/costa-del-sol\/mijas-cove\/\">La Cala de Mijas<\/a>, un charmant village de bord de mer qui allie la tradition andalouse \u00e0 la beaut\u00e9 naturelle de la <a href=\"https:\/\/granhotelcostadelsol.com\/fr\/blog-sur-la-costa-del-sol\/\">Costa del Sol.<\/a> <br\/><\/p>\n<\/div>\n<\/div>\n\n<div class=\"wp-block-group alignfull is-layout-constrained wp-block-group-is-layout-constrained\">\n<div style=\"height:24px\" aria-hidden=\"true\" class=\"wp-block-spacer\"><\/div>\n\n\n\n<div class=\"wp-block-buttons alignfull is-content-justification-center is-layout-flex wp-container-core-buttons-is-layout-16018d1d wp-block-buttons-is-layout-flex\">\n<div class=\"wp-block-button is-style-primary-outline booking-button\"><a class=\"wp-block-button__link wp-element-button\">R\u00c9SERVER AU GRAN HOTEL COSTA DEL SOL<\/a><\/div>\n<\/div>\n\n\n\n<div style=\"height:24px\" aria-hidden=\"true\" class=\"wp-block-spacer\"><\/div>\n<\/div>\n\n<div class=\"wp-block-group is-style-section-container is-layout-constrained wp-block-group-is-layout-constrained\">\n<h2 class=\"wp-block-heading has-text-align-center is-style-heading-4 has-gh-dark-blue-color has-text-color has-link-color wp-elements-6a7c45d60057d9ea0d0be31063b6a444\">R\u00e9servez votre s\u00e9jour \u00e0, <mark style=\"background-color:rgba(0, 0, 0, 0)\" class=\"has-inline-color has-gh-yellow-color\">gran hotel costa del sol<\/mark><\/h2>\n\n\n\n<p>N&rsquo;attendez plus pour <strong>vivre l&rsquo;exp\u00e9rience qui vous attend au Gran Hotel Costa del Sol<\/strong>.\nR\u00e9servez d\u00e8s aujourd&rsquo;hui et pr\u00e9parez-vous \u00e0 passer des vacances inoubliables dans l&rsquo;une des destinations les plus pris\u00e9es de la Costa del Sol. <\/p>\n\n\n\n<p>Que vous soyez \u00e0 la recherche d&rsquo;une escapade romantique, de vacances en famille ou d&rsquo;une retraite relaxante, le Gran Hotel Costa del Sol est <strong>le choix id\u00e9al pour votre s\u00e9jour en bord de mer \u00e0 Mijas.<\/strong><\/p>\n<\/div>\n","protected":false},"excerpt":{"rendered":"<p>Situ\u00e9 au c\u0153ur de la magnifique Cala de Mijas, l&rsquo;h\u00f4tel 4 \u00e9toiles Gran Hotel Costa del Sol vous offre une exp\u00e9rience in\u00e9gal\u00e9e dans un cadre idyllique en bord de mer. Avec un acc\u00e8s direct \u00e0 la plage, notre h\u00f4tel allie le confort et la s\u00e9r\u00e9nit\u00e9 que vous recherchez pour des vacances parfaites sur la Costa<a href=\"https:\/\/granhotelcostadelsol.com\/fr\/front-line-beach-hotel-a-mijas\/\">Continue reading <span class=\"sr-only\">\u00ab\u00a0Front Line Beach Hotel \u00e0 Mijas\u00a0\u00bb<\/span><\/a><\/p>\n","protected":false},"author":2,"featured_media":0,"parent":0,"menu_order":0,"comment_status":"closed","ping_status":"closed","template":"","meta":{"_acf_changed":false,"inline_featured_image":false,"_uag_custom_page_level_css":"","footnotes":""},"class_list":["post-1221","page","type-page","status-publish","hentry"],"acf":[],"uagb_featured_image_src":{"full":false,"thumbnail":false,"medium":false,"medium_large":false,"large":false,"1536x1536":false,"2048x2048":false},"uagb_author_info":{"display_name":"@nubeseo","author_link":"https:\/\/granhotelcostadelsol.com\/fr\/author\/nubeseo\/"},"uagb_comment_info":0,"uagb_excerpt":"Situ\u00e9 au c\u0153ur de la magnifique Cala de Mijas, l&rsquo;h\u00f4tel 4 \u00e9toiles Gran Hotel Costa del Sol vous offre une exp\u00e9rience in\u00e9gal\u00e9e dans un cadre idyllique en bord de mer. Avec un acc\u00e8s direct \u00e0 la plage, notre h\u00f4tel allie le confort et la s\u00e9r\u00e9nit\u00e9 que vous recherchez pour des vacances parfaites sur la CostaContinue\u2026","_links":{"self":[{"href":"https:\/\/granhotelcostadelsol.com\/fr\/wp-json\/wp\/v2\/pages\/1221","targetHints":{"allow":["GET"]}}],"collection":[{"href":"https:\/\/granhotelcostadelsol.com\/fr\/wp-json\/wp\/v2\/pages"}],"about":[{"href":"https:\/\/granhotelcostadelsol.com\/fr\/wp-json\/wp\/v2\/types\/page"}],"author":[{"embeddable":true,"href":"https:\/\/granhotelcostadelsol.com\/fr\/wp-json\/wp\/v2\/users\/2"}],"replies":[{"embeddable":true,"href":"https:\/\/granhotelcostadelsol.com\/fr\/wp-json\/wp\/v2\/comments?post=1221"}],"version-history":[{"count":7,"href":"https:\/\/granhotelcostadelsol.com\/fr\/wp-json\/wp\/v2\/pages\/1221\/revisions"}],"predecessor-version":[{"id":2319,"href":"https:\/\/granhotelcostadelsol.com\/fr\/wp-json\/wp\/v2\/pages\/1221\/revisions\/2319"}],"wp:attachment":[{"href":"https:\/\/granhotelcostadelsol.com\/fr\/wp-json\/wp\/v2\/media?parent=1221"}],"curies":[{"name":"wp","href":"https:\/\/api.w.org\/{rel}","templated":true}]}}

Front Line Beach Hotel à Mijas

<div class="wp-block-group alignfull is-style-section-full is-layout-constrained wp-block-group-is-layout-constrained">
<div class="wp-block-group is-style-section-container is-layout-constrained wp-block-group-is-layout-constrained">
<p class="has-text-align-center">Situé au cœur de la magnifique Cala de Mijas, l&rsquo;<a href="https://granhotelcostadelsol.com/fr/">hôtel 4 étoiles Gran Hotel Costa del Sol</a> vous offre une expérience inégalée dans un cadre idyllique en bord de mer. Avec un accès direct à la plage, notre hôtel allie le confort et la sérénité que vous recherchez pour des <strong>vacances parfaites sur la Costa del Sol.</strong> </p>
</div>
</div>

<div class="wp-block-group alignfull is-style-section-full is-layout-constrained wp-block-group-is-layout-constrained">
<div class="wp-block-group is-style-section-container is-layout-constrained wp-block-group-is-layout-constrained">
<h2 class="wp-block-heading has-text-align-center is-style-heading-4 has-gh-dark-blue-color has-text-color has-link-color wp-elements-f014add698c2184da7b7bbaf0fdb6b35">Une oasis de <mark style="background-color:rgba(0, 0, 0, 0)" class="has-inline-color has-gh-yellow-color">détente et de plaisir</mark></h2>



<p class="has-text-align-center">L&rsquo;hôtel dispose d&rsquo;une <strong>large gamme de services et d&rsquo;activités pour vous permettre de profiter au maximum de votre séjour à Mijas.</strong>
Profitez de notre piscine extérieure, entourée de chaises longues où vous pourrez prendre un bain de soleil et profiter de la brise marine.
Si vous préférez une journée plus active, nous vous proposons une gamme de sports nautiques et d&rsquo;activités récréatives sur la plage.  <br/><span id="docs-internal-guid-ffc273d8-7fff-6a4c-eeba-854155a9e274"></span></p>



<div class="wp-block-group alignfull is-layout-constrained wp-block-group-is-layout-constrained">
<div style="height:24px" aria-hidden="true" class="wp-block-spacer"></div>



<div class="wp-block-buttons alignfull is-content-justification-center is-layout-flex wp-container-core-buttons-is-layout-16018d1d wp-block-buttons-is-layout-flex">
<div class="wp-block-button is-style-primary-outline booking-button"><a class="wp-block-button__link wp-element-button">RÉSERVER AU GRAN HOTEL COSTA DEL SOL</a></div>
</div>



<div style="height:24px" aria-hidden="true" class="wp-block-spacer"></div>
</div>
</div>
</div>

<div class="wp-block-group alignfull is-style-section-full is-layout-constrained wp-block-group-is-layout-constrained">
<div class="wp-block-uagb-slider uagb-block-01e48337 uagb-slider-container"><div class="uagb-slides uagb-swiper"><div class="swiper-wrapper">
<div class="wp-block-uagb-slider-child uagb-slider-child-wrap swiper-slide uagb-block-29a6a65e"><div class="swiper-content">
<div class="wp-block-uagb-container uagb-block-f8b5886b alignfull uagb-is-root-container"><div class="uagb-container-inner-blocks-wrap">
<div class="wp-block-uagb-image uagb-block-20dfebc6 wp-block-uagb-image--layout-default wp-block-uagb-image--effect-static wp-block-uagb-image--align-none"><figure class="wp-block-uagb-image__figure"><img decoding="async" srcset="https://granhotelcostadelsol.com/wp-content/uploads/2024/09/Chill-Out-1.redimensionado.jpg ,https://granhotelcostadelsol.nubedev.es/wp-content/uploads/2024/09/Chill-Out-1.redimensionado.jpg 780w, https://granhotelcostadelsol.nubedev.es/wp-content/uploads/2024/09/Chill-Out-1.redimensionado.jpg 360w" sizes="auto, (max-width: 480px) 150px" src="https://granhotelcostadelsol.com/wp-content/uploads/2024/09/Chill-Out-1.redimensionado.jpg" alt="Chill Out Gran Hotel Costa del Sol" class="uag-image-586" width="1024" height="683" title="Se détendre" loading="lazy" role="img"></figure></div>
</div></div>
</div></div>



<div class="wp-block-uagb-slider-child uagb-slider-child-wrap swiper-slide uagb-block-0a5f9926"><div class="swiper-content">
<div class="wp-block-uagb-container uagb-block-75a9d83e alignfull uagb-is-root-container"><div class="uagb-container-inner-blocks-wrap">
<div class="wp-block-uagb-image uagb-block-75bb35ba wp-block-uagb-image--layout-default wp-block-uagb-image--effect-static wp-block-uagb-image--align-none"><figure class="wp-block-uagb-image__figure"><img decoding="async" srcset="https://granhotelcostadelsol.com/wp-content/uploads/2024/09/piscina_y_playa-2-favorita.redimensionado-scaled.jpg ,https://granhotelcostadelsol.nubedev.es/wp-content/uploads/2024/09/piscina_y_playa-2-favorita.redimensionado-scaled.jpg 780w, https://granhotelcostadelsol.nubedev.es/wp-content/uploads/2024/09/piscina_y_playa-2-favorita.redimensionado-scaled.jpg 360w" sizes="auto, (max-width: 480px) 150px" src="https://granhotelcostadelsol.com/wp-content/uploads/2024/09/piscina_y_playa-2-favorita.redimensionado-scaled.jpg" alt="vue sur la piscine et la plage Gran Hotel Costa del Sol" class="uag-image-606" width="1024" height="683" title="vue sur la piscine et la plage" loading="lazy" role="img"></figure></div>
</div></div>
</div></div>



<div class="wp-block-uagb-slider-child uagb-slider-child-wrap swiper-slide uagb-block-e5e90000"><div class="swiper-content">
<div class="wp-block-uagb-container uagb-block-3189927a alignfull uagb-is-root-container"><div class="uagb-container-inner-blocks-wrap">
<div class="wp-block-uagb-image uagb-block-b2af7989 wp-block-uagb-image--layout-default wp-block-uagb-image--effect-static wp-block-uagb-image--align-none"><figure class="wp-block-uagb-image__figure"><img decoding="async" srcset="https://granhotelcostadelsol.com/wp-content/uploads/2024/09/Comfort-room-1.redimensionado-scaled.jpg ,https://granhotelcostadelsol.nubedev.es/wp-content/uploads/2024/09/Comfort-room-1.redimensionado-scaled.jpg 780w, https://granhotelcostadelsol.nubedev.es/wp-content/uploads/2024/09/Comfort-room-1.redimensionado-scaled.jpg 360w" sizes="auto, (max-width: 480px) 150px" src="https://granhotelcostadelsol.com/wp-content/uploads/2024/09/Comfort-room-1.redimensionado-scaled.jpg" alt="chambre confort Gran Hotel Costa del Sol" class="uag-image-593" width="1024" height="683" title="chambre confort" loading="lazy" role="img"></figure></div>
</div></div>
</div></div>



<div class="wp-block-uagb-slider-child uagb-slider-child-wrap swiper-slide uagb-block-9baa099d"><div class="swiper-content">
<div class="wp-block-uagb-container uagb-block-901b13ac alignfull uagb-is-root-container"><div class="uagb-container-inner-blocks-wrap">
<div class="wp-block-uagb-image uagb-block-86c812ab wp-block-uagb-image--layout-default wp-block-uagb-image--effect-static wp-block-uagb-image--align-none"><figure class="wp-block-uagb-image__figure"><img decoding="async" srcset="https://granhotelcostadelsol.com/wp-content/uploads/2024/09/piscina_y_playa-3.redimensionado-e1727865133738.jpg ,https://granhotelcostadelsol.nubedev.es/wp-content/uploads/2024/09/piscina_y_playa-3.redimensionado.jpg 780w, https://granhotelcostadelsol.nubedev.es/wp-content/uploads/2024/09/piscina_y_playa-3.redimensionado.jpg 360w" sizes="auto, (max-width: 480px) 150px" src="https://granhotelcostadelsol.com/wp-content/uploads/2024/09/piscina_y_playa-3.redimensionado-e1727865133738.jpg" alt="piscine et plage Mijas Gran Hotel Costa del Sol" class="uag-image-607" width="1024" height="683" title="piscine et plage Mijas" loading="lazy" role="img"></figure></div>
</div></div>
</div></div>
</div></div><div class="swiper-pagination"></div><div class="swiper-button-prev"></div><div class="swiper-button-next"></div></div>



<div class="wp-block-group is-style-section-container is-layout-constrained wp-block-group-is-layout-constrained">
<h2 class="wp-block-heading has-text-align-center is-style-heading-4 has-gh-dark-blue-color has-text-color has-link-color wp-elements-e65d926036443455d82eb0e44bfaca90">Tout compris, <mark style="background-color:rgba(0, 0, 0, 0)" class="has-inline-color has-gh-yellow-color">pour un séjour sans souci</mark></h2>



<p>Grâce à <a href="https://granhotelcostadelsol.com/fr/hotel-tout-compris-sur-la-costa-del-sol/">notre service tout compris,</a> notre restaurant vous ravira avec une sélection de plats locaux et internationaux, préparés avec des ingrédients frais et de qualité. Vous pouvez également vous détendre en prenant un verre au bar, tout en admirant le coucher de soleil sur la Méditerranée. <br/><br/></p>
</div>



<div class="wp-block-group is-style-section-container is-layout-constrained wp-block-group-is-layout-constrained">
<h3 class="wp-block-heading has-text-align-center is-style-heading-5 has-gh-dark-blue-color has-text-color has-link-color wp-elements-a70837dd710a18962d8a389fe9cbb2ca">Découvrez la beauté de la Costa del Sol</h3>



<p>Le Gran Hotel Costa del Sol jouit d&rsquo;une situation privilégiée à <a href="https://granhotelcostadelsol.com/fr/costa-del-sol/mijas-cove/">La Cala de Mijas</a>, un charmant village de bord de mer qui allie la tradition andalouse à la beauté naturelle de la <a href="https://granhotelcostadelsol.com/fr/blog-sur-la-costa-del-sol/">Costa del Sol.</a> <br/></p>
</div>
</div>

<div class="wp-block-group alignfull is-layout-constrained wp-block-group-is-layout-constrained">
<div style="height:24px" aria-hidden="true" class="wp-block-spacer"></div>



<div class="wp-block-buttons alignfull is-content-justification-center is-layout-flex wp-container-core-buttons-is-layout-16018d1d wp-block-buttons-is-layout-flex">
<div class="wp-block-button is-style-primary-outline booking-button"><a class="wp-block-button__link wp-element-button">RÉSERVER AU GRAN HOTEL COSTA DEL SOL</a></div>
</div>



<div style="height:24px" aria-hidden="true" class="wp-block-spacer"></div>
</div>

<div class="wp-block-group is-style-section-container is-layout-constrained wp-block-group-is-layout-constrained">
<h2 class="wp-block-heading has-text-align-center is-style-heading-4 has-gh-dark-blue-color has-text-color has-link-color wp-elements-6a7c45d60057d9ea0d0be31063b6a444">Réservez votre séjour à, <mark style="background-color:rgba(0, 0, 0, 0)" class="has-inline-color has-gh-yellow-color">gran hotel costa del sol</mark></h2>



<p>N&rsquo;attendez plus pour <strong>vivre l&rsquo;expérience qui vous attend au Gran Hotel Costa del Sol</strong>.
Réservez dès aujourd&rsquo;hui et préparez-vous à passer des vacances inoubliables dans l&rsquo;une des destinations les plus prisées de la Costa del Sol. </p>



<p>Que vous soyez à la recherche d&rsquo;une escapade romantique, de vacances en famille ou d&rsquo;une retraite relaxante, le Gran Hotel Costa del Sol est <strong>le choix idéal pour votre séjour en bord de mer à Mijas.</strong></p>
</div>

<p>Situé au cœur de la magnifique Cala de Mijas, l&rsquo;hôtel 4 étoiles Gran Hotel Costa del Sol vous offre une expérience inégalée dans un cadre idyllique en bord de mer. Avec un accès direct à la plage, notre hôtel allie le confort et la sérénité que vous recherchez pour des vacances parfaites sur la Costa<a href="https://granhotelcostadelsol.com/fr/front-line-beach-hotel-a-mijas/">Continue reading <span class="sr-only">« Front Line Beach Hotel à Mijas »</span></a></p>

Situé au cœur de la magnifique Cala de Mijas, l&rsquo;hôtel 4 étoiles Gran Hotel Costa del Sol vous offre une expérience inégalée dans un cadre idyllique en bord de mer. Avec un accès direct à la plage, notre hôtel allie le confort et la sérénité que vous recherchez pour des vacances parfaites sur la CostaContinue…
